{"id":2572,"date":"2020-05-17T09:39:52","date_gmt":"2020-05-17T07:39:52","guid":{"rendered":"http:\/\/ccaphotos.ovh\/?page_id=2572"},"modified":"2021-03-17T18:23:42","modified_gmt":"2021-03-17T17:23:42","slug":"quand-soudain-la-musique-se-tut","status":"publish","type":"page","link":"https:\/\/ccaphotos.ovh\/index.php\/quand-soudain-la-musique-se-tut\/","title":{"rendered":"QUAND SOUDAIN LA MUSIQUE SE TUT"},"content":{"rendered":"<p style=\"text-align: justify;\"><em>Mars 2020<\/em>. Il fait anormalement chaud en ce d\u00e9but de printemps. Nous dansons insouciants sur le fil de la lame, <em>quand soudain la musique se tut au milieu d\u2019une mesure<\/em>, nous renvoyant <em>sine die<\/em> \u00e0 une redoutable int\u00e9riorit\u00e9.<\/p>\n<p style=\"text-align: justify;\">Sous les fen\u00eatres, l\u2019immobilit\u00e9 et le silence. Les p\u00e9tales fanent en beaut\u00e9, le scarab\u00e9e se r\u00e9fugie dans le terreau protecteur. La lune se confond avec la suspension qui \u00e9claire nos nuits sans sommeil &#8211; ou est-ce l\u2019inverse ? &#8211; alors que sur les \u00e9crans \u00e9clatent des orages de cytokines et surgissent des for\u00eats de tubulures en plastique.<\/p>\n<p style=\"text-align: justify;\">Assign\u00e9s \u00e0 notre seule identit\u00e9 biologique, jour apr\u00e8s jour, heure apr\u00e8s heure dans le temps subitement \u00e9paissi, nous abandonnons aux experts l\u2019\u00e9valuation de notre score de fragilit\u00e9. Nos volont\u00e9s aseptis\u00e9es se cognent contre la vitre de l\u2019union sacr\u00e9e.<\/p>\n<p style=\"text-align: justify;\">Sans le vouloir, sans m\u00eame y penser, se pourrait-il que nous soyons d\u00e9j\u00e0 entr\u00e9s dans la soci\u00e9t\u00e9 du sans contact\u00a0?<\/p>\n<p>&nbsp;<\/p>\n\n<p>&nbsp;<\/p>\n<p><em>Montage de photographies prises pendant le confinement, sauf le drone qui date de 2018. <\/em><em>La citation en italiques est de Stephan Zweig, dans Le monde d\u2019hier, Poche, 2016, p. 255<\/em><\/p>\n<p><em>\u00a0<\/em><\/p>\n<p>&nbsp;<\/p>\n","protected":false},"excerpt":{"rendered":"<p>Mars 2020. Il fait anormalement chaud en ce d\u00e9but de printemps. Nous dansons insouciants sur le fil de la lame, quand soudain la musique se tut au milieu d\u2019une mesure, nous renvoyant sine die \u00e0 une redoutable int\u00e9riorit\u00e9. Sous les fen\u00eatres, l\u2019immobilit\u00e9 et le silence. Les p\u00e9tales fanent en beaut\u00e9, le scarab\u00e9e se r\u00e9fugie dans [&hellip;]<\/p>\n","protected":false},"author":1,"featured_media":0,"parent":0,"menu_order":0,"comment_status":"closed","ping_status":"closed","template":"","meta":[],"yoast_head":"<!-- This site is optimized with the Yoast SEO plugin v18.3 - https:\/\/yoast.com\/wordpress\/plugins\/seo\/ -->\n<title>QUAND SOUDAIN LA MUSIQUE SE TUT -<\/title>\n<meta name=\"robots\" content=\"index, follow, max-snippet:-1, max-image-preview:large, max-video-preview:-1\" \/>\n<link rel=\"canonical\" href=\"https:\/\/ccaphotos.ovh\/index.php\/quand-soudain-la-musique-se-tut\/\" \/>\n<meta property=\"og:locale\" content=\"fr_FR\" \/>\n<meta property=\"og:type\" content=\"article\" \/>\n<meta property=\"og:title\" content=\"QUAND SOUDAIN LA MUSIQUE SE TUT -\" \/>\n<meta property=\"og:description\" content=\"Mars 2020. Il fait anormalement chaud en ce d\u00e9but de printemps. Nous dansons insouciants sur le fil de la lame, quand soudain la musique se tut au milieu d\u2019une mesure, nous renvoyant sine die \u00e0 une redoutable int\u00e9riorit\u00e9. Sous les fen\u00eatres, l\u2019immobilit\u00e9 et le silence. Les p\u00e9tales fanent en beaut\u00e9, le scarab\u00e9e se r\u00e9fugie dans [&hellip;]\" \/>\n<meta property=\"og:url\" content=\"https:\/\/ccaphotos.ovh\/index.php\/quand-soudain-la-musique-se-tut\/\" \/>\n<meta property=\"article:modified_time\" content=\"2021-03-17T17:23:42+00:00\" \/>\n<meta name=\"twitter:card\" content=\"summary_large_image\" \/>\n<meta name=\"twitter:label1\" content=\"Dur\u00e9e de lecture estim\u00e9e\" \/>\n\t<meta name=\"twitter:data1\" content=\"1 minute\" \/>\n<script type=\"application\/ld+json\" class=\"yoast-schema-graph\">{\"@context\":\"https:\/\/schema.org\",\"@graph\":[{\"@type\":[\"Person\",\"Organization\"],\"@id\":\"https:\/\/ccaphotos.ovh\/#\/schema\/person\/6a8bab212e1264864a1223d4b6d9fbcd\",\"name\":\"ClaireChatonAubey\",\"image\":{\"@type\":\"ImageObject\",\"@id\":\"https:\/\/ccaphotos.ovh\/#personlogo\",\"inLanguage\":\"fr-FR\",\"url\":\"https:\/\/secure.gravatar.com\/avatar\/d252b93fa90e99cd7255d4d68af882e2?s=96&d=mm&r=g\",\"contentUrl\":\"https:\/\/secure.gravatar.com\/avatar\/d252b93fa90e99cd7255d4d68af882e2?s=96&d=mm&r=g\",\"caption\":\"ClaireChatonAubey\"},\"logo\":{\"@id\":\"https:\/\/ccaphotos.ovh\/#personlogo\"}},{\"@type\":\"WebSite\",\"@id\":\"https:\/\/ccaphotos.ovh\/#website\",\"url\":\"https:\/\/ccaphotos.ovh\/\",\"name\":\"\",\"description\":\"\",\"publisher\":{\"@id\":\"https:\/\/ccaphotos.ovh\/#\/schema\/person\/6a8bab212e1264864a1223d4b6d9fbcd\"},\"potentialAction\":[{\"@type\":\"SearchAction\",\"target\":{\"@type\":\"EntryPoint\",\"urlTemplate\":\"https:\/\/ccaphotos.ovh\/?s={search_term_string}\"},\"query-input\":\"required name=search_term_string\"}],\"inLanguage\":\"fr-FR\"},{\"@type\":\"WebPage\",\"@id\":\"https:\/\/ccaphotos.ovh\/index.php\/quand-soudain-la-musique-se-tut\/#webpage\",\"url\":\"https:\/\/ccaphotos.ovh\/index.php\/quand-soudain-la-musique-se-tut\/\",\"name\":\"QUAND SOUDAIN LA MUSIQUE SE TUT -\",\"isPartOf\":{\"@id\":\"https:\/\/ccaphotos.ovh\/#website\"},\"datePublished\":\"2020-05-17T07:39:52+00:00\",\"dateModified\":\"2021-03-17T17:23:42+00:00\",\"breadcrumb\":{\"@id\":\"https:\/\/ccaphotos.ovh\/index.php\/quand-soudain-la-musique-se-tut\/#breadcrumb\"},\"inLanguage\":\"fr-FR\",\"potentialAction\":[{\"@type\":\"ReadAction\",\"target\":[\"https:\/\/ccaphotos.ovh\/index.php\/quand-soudain-la-musique-se-tut\/\"]}]},{\"@type\":\"BreadcrumbList\",\"@id\":\"https:\/\/ccaphotos.ovh\/index.php\/quand-soudain-la-musique-se-tut\/#breadcrumb\",\"itemListElement\":[{\"@type\":\"ListItem\",\"position\":1,\"name\":\"Accueil\",\"item\":\"https:\/\/ccaphotos.ovh\/\"},{\"@type\":\"ListItem\",\"position\":2,\"name\":\"QUAND SOUDAIN LA MUSIQUE SE TUT\"}]}]}<\/script>\n<!-- \/ Yoast SEO plugin. -->","yoast_head_json":{"title":"QUAND SOUDAIN LA MUSIQUE SE TUT -","robots":{"index":"index","follow":"follow","max-snippet":"max-snippet:-1","max-image-preview":"max-image-preview:large","max-video-preview":"max-video-preview:-1"},"canonical":"https:\/\/ccaphotos.ovh\/index.php\/quand-soudain-la-musique-se-tut\/","og_locale":"fr_FR","og_type":"article","og_title":"QUAND SOUDAIN LA MUSIQUE SE TUT -","og_description":"Mars 2020. Il fait anormalement chaud en ce d\u00e9but de printemps. Nous dansons insouciants sur le fil de la lame, quand soudain la musique se tut au milieu d\u2019une mesure, nous renvoyant sine die \u00e0 une redoutable int\u00e9riorit\u00e9. Sous les fen\u00eatres, l\u2019immobilit\u00e9 et le silence. Les p\u00e9tales fanent en beaut\u00e9, le scarab\u00e9e se r\u00e9fugie dans [&hellip;]","og_url":"https:\/\/ccaphotos.ovh\/index.php\/quand-soudain-la-musique-se-tut\/","article_modified_time":"2021-03-17T17:23:42+00:00","twitter_card":"summary_large_image","twitter_misc":{"Dur\u00e9e de lecture estim\u00e9e":"1 minute"},"schema":{"@context":"https:\/\/schema.org","@graph":[{"@type":["Person","Organization"],"@id":"https:\/\/ccaphotos.ovh\/#\/schema\/person\/6a8bab212e1264864a1223d4b6d9fbcd","name":"ClaireChatonAubey","image":{"@type":"ImageObject","@id":"https:\/\/ccaphotos.ovh\/#personlogo","inLanguage":"fr-FR","url":"https:\/\/secure.gravatar.com\/avatar\/d252b93fa90e99cd7255d4d68af882e2?s=96&d=mm&r=g","contentUrl":"https:\/\/secure.gravatar.com\/avatar\/d252b93fa90e99cd7255d4d68af882e2?s=96&d=mm&r=g","caption":"ClaireChatonAubey"},"logo":{"@id":"https:\/\/ccaphotos.ovh\/#personlogo"}},{"@type":"WebSite","@id":"https:\/\/ccaphotos.ovh\/#website","url":"https:\/\/ccaphotos.ovh\/","name":"","description":"","publisher":{"@id":"https:\/\/ccaphotos.ovh\/#\/schema\/person\/6a8bab212e1264864a1223d4b6d9fbcd"},"potentialAction":[{"@type":"SearchAction","target":{"@type":"EntryPoint","urlTemplate":"https:\/\/ccaphotos.ovh\/?s={search_term_string}"},"query-input":"required name=search_term_string"}],"inLanguage":"fr-FR"},{"@type":"WebPage","@id":"https:\/\/ccaphotos.ovh\/index.php\/quand-soudain-la-musique-se-tut\/#webpage","url":"https:\/\/ccaphotos.ovh\/index.php\/quand-soudain-la-musique-se-tut\/","name":"QUAND SOUDAIN LA MUSIQUE SE TUT -","isPartOf":{"@id":"https:\/\/ccaphotos.ovh\/#website"},"datePublished":"2020-05-17T07:39:52+00:00","dateModified":"2021-03-17T17:23:42+00:00","breadcrumb":{"@id":"https:\/\/ccaphotos.ovh\/index.php\/quand-soudain-la-musique-se-tut\/#breadcrumb"},"inLanguage":"fr-FR","potentialAction":[{"@type":"ReadAction","target":["https:\/\/ccaphotos.ovh\/index.php\/quand-soudain-la-musique-se-tut\/"]}]},{"@type":"BreadcrumbList","@id":"https:\/\/ccaphotos.ovh\/index.php\/quand-soudain-la-musique-se-tut\/#breadcrumb","itemListElement":[{"@type":"ListItem","position":1,"name":"Accueil","item":"https:\/\/ccaphotos.ovh\/"},{"@type":"ListItem","position":2,"name":"QUAND SOUDAIN LA MUSIQUE SE TUT"}]}]}},"_links":{"self":[{"href":"https:\/\/ccaphotos.ovh\/index.php\/wp-json\/wp\/v2\/pages\/2572"}],"collection":[{"href":"https:\/\/ccaphotos.ovh\/index.php\/wp-json\/wp\/v2\/pages"}],"about":[{"href":"https:\/\/ccaphotos.ovh\/index.php\/wp-json\/wp\/v2\/types\/page"}],"author":[{"embeddable":true,"href":"https:\/\/ccaphotos.ovh\/index.php\/wp-json\/wp\/v2\/users\/1"}],"replies":[{"embeddable":true,"href":"https:\/\/ccaphotos.ovh\/index.php\/wp-json\/wp\/v2\/comments?post=2572"}],"version-history":[{"count":12,"href":"https:\/\/ccaphotos.ovh\/index.php\/wp-json\/wp\/v2\/pages\/2572\/revisions"}],"predecessor-version":[{"id":3186,"href":"https:\/\/ccaphotos.ovh\/index.php\/wp-json\/wp\/v2\/pages\/2572\/revisions\/3186"}],"wp:attachment":[{"href":"https:\/\/ccaphotos.ovh\/index.php\/wp-json\/wp\/v2\/media?parent=2572"}],"curies":[{"name":"wp","href":"https:\/\/api.w.org\/{rel}","templated":true}]}}