{"id":2689,"date":"2020-07-01T11:50:54","date_gmt":"2020-07-01T09:50:54","guid":{"rendered":"http:\/\/ccaphotos.ovh\/?page_id=2689"},"modified":"2022-10-12T11:20:57","modified_gmt":"2022-10-12T09:20:57","slug":"abandons-saison-1-2","status":"publish","type":"page","link":"https:\/\/ccaphotos.ovh\/index.php\/abandons-saison-1-2\/","title":{"rendered":"ABANDONS saison 1\/2"},"content":{"rendered":"<p style=\"text-align: left;\"><em>s\u00e9rie ABANDONS &#8211; saison 1\/2<\/em><\/p>\n<p style=\"text-align: justify;\">Dans la saison 1\/1, on voyait d\u00e9j\u00e0 appara\u00eetre, sur certaines vitrines d\u00e9saffect\u00e9es, des reproductions de monuments et de cartes postales anciennes ou des slogans incitatifs. Nostalgie d\u2019un pass\u00e9 fantasm\u00e9, ou volontarisme anti-d\u00e9cliniste ? Derri\u00e8re ce maquillage d\u00e9risoire se cachait encore l\u2019espoir d\u2019inverser la tendance.<\/p>\n<p style=\"text-align: justify;\">Mais la crise sanitaire et \u00e9conomique est pass\u00e9e. Le vide n\u2019est plus dissimul\u00e9, il est d\u00e9sormais assum\u00e9. Comme pour les friches industrielles reconverties en espaces culturels, les centres villes d\u00e9sert\u00e9s deviennent de plus en plus des supports de galeries \u00e0 ciel ouvert, escamotant la poussi\u00e8re et les toiles d\u2019araign\u00e9es au profit de valeurs plus \u00ab\u00a0positives\u00a0\u00bb. Les passants ne sont plus du c\u00f4t\u00e9 de la rue, ils ont travers\u00e9 le miroir du temps, avatars \u00e9vanescents et color\u00e9s d\u2019un monde disparu.<\/p>\n<div class=\"n2-has-copy n2-code n2-ss-slider-shortcode-id\"><\/div>\n<div><\/div>\n<div>\n<p style=\"padding-left: 40px;\"><em>Ville d&rsquo;Auxerre, Patrimoinevivant2022\u00a9Mus\u00e9e Pierre Merlier ET <\/em><em>Ville de Tournus, projet VITROPHANIE avec l&rsquo;artiste Patrick Auberger, juin 2020<\/em><\/p>\n<p>&nbsp;<\/p>\n<p>A partir de l\u00e0 pourquoi pas, dans cet univers devenu virtuel, d\u00e9passer les cadres, traverser les vitres, jouer sur les mots et se jouer des rideaux de fer ? Peut-\u00eatre alors verrons-nous surgir une sc\u00e8ne qui appartient au pass\u00e9, une ambiance sixties, un tremblement de l\u2019asphalte sous des col\u00e8res oubli\u00e9es \u2026<\/p>\n\n<p style=\"padding-left: 80px;\"><em>(montages r\u00e9alis\u00e9s \u00e0 partir de ma phototh\u00e8que, janvier 2021)<br \/>\n<\/em><\/p>\n<\/div>\n","protected":false},"excerpt":{"rendered":"<p>s\u00e9rie ABANDONS &#8211; saison 1\/2 Dans la saison 1\/1, on voyait d\u00e9j\u00e0 appara\u00eetre, sur certaines vitrines d\u00e9saffect\u00e9es, des reproductions de monuments et de cartes postales anciennes ou des slogans incitatifs. Nostalgie d\u2019un pass\u00e9 fantasm\u00e9, ou volontarisme anti-d\u00e9cliniste ? Derri\u00e8re ce maquillage d\u00e9risoire se cachait encore l\u2019espoir d\u2019inverser la tendance. Mais la crise sanitaire et \u00e9conomique [&hellip;]<\/p>\n","protected":false},"author":1,"featured_media":0,"parent":0,"menu_order":0,"comment_status":"closed","ping_status":"closed","template":"","meta":[],"yoast_head":"<!-- This site is optimized with the Yoast SEO plugin v18.3 - https:\/\/yoast.com\/wordpress\/plugins\/seo\/ -->\n<title>ABANDONS saison 1\/2 -<\/title>\n<meta name=\"robots\" content=\"index, follow, max-snippet:-1, max-image-preview:large, max-video-preview:-1\" \/>\n<link rel=\"canonical\" href=\"https:\/\/ccaphotos.ovh\/index.php\/abandons-saison-1-2\/\" \/>\n<meta property=\"og:locale\" content=\"fr_FR\" \/>\n<meta property=\"og:type\" content=\"article\" \/>\n<meta property=\"og:title\" content=\"ABANDONS saison 1\/2 -\" \/>\n<meta property=\"og:description\" content=\"s\u00e9rie ABANDONS &#8211; saison 1\/2 Dans la saison 1\/1, on voyait d\u00e9j\u00e0 appara\u00eetre, sur certaines vitrines d\u00e9saffect\u00e9es, des reproductions de monuments et de cartes postales anciennes ou des slogans incitatifs. Nostalgie d\u2019un pass\u00e9 fantasm\u00e9, ou volontarisme anti-d\u00e9cliniste ? Derri\u00e8re ce maquillage d\u00e9risoire se cachait encore l\u2019espoir d\u2019inverser la tendance. Mais la crise sanitaire et \u00e9conomique [&hellip;]\" \/>\n<meta property=\"og:url\" content=\"https:\/\/ccaphotos.ovh\/index.php\/abandons-saison-1-2\/\" \/>\n<meta property=\"article:modified_time\" content=\"2022-10-12T09:20:57+00:00\" \/>\n<meta name=\"twitter:card\" content=\"summary_large_image\" \/>\n<meta name=\"twitter:label1\" content=\"Dur\u00e9e de lecture estim\u00e9e\" \/>\n\t<meta name=\"twitter:data1\" content=\"2 minutes\" \/>\n<script type=\"application\/ld+json\" class=\"yoast-schema-graph\">{\"@context\":\"https:\/\/schema.org\",\"@graph\":[{\"@type\":[\"Person\",\"Organization\"],\"@id\":\"https:\/\/ccaphotos.ovh\/#\/schema\/person\/6a8bab212e1264864a1223d4b6d9fbcd\",\"name\":\"ClaireChatonAubey\",\"image\":{\"@type\":\"ImageObject\",\"@id\":\"https:\/\/ccaphotos.ovh\/#personlogo\",\"inLanguage\":\"fr-FR\",\"url\":\"https:\/\/secure.gravatar.com\/avatar\/d252b93fa90e99cd7255d4d68af882e2?s=96&d=mm&r=g\",\"contentUrl\":\"https:\/\/secure.gravatar.com\/avatar\/d252b93fa90e99cd7255d4d68af882e2?s=96&d=mm&r=g\",\"caption\":\"ClaireChatonAubey\"},\"logo\":{\"@id\":\"https:\/\/ccaphotos.ovh\/#personlogo\"}},{\"@type\":\"WebSite\",\"@id\":\"https:\/\/ccaphotos.ovh\/#website\",\"url\":\"https:\/\/ccaphotos.ovh\/\",\"name\":\"\",\"description\":\"\",\"publisher\":{\"@id\":\"https:\/\/ccaphotos.ovh\/#\/schema\/person\/6a8bab212e1264864a1223d4b6d9fbcd\"},\"potentialAction\":[{\"@type\":\"SearchAction\",\"target\":{\"@type\":\"EntryPoint\",\"urlTemplate\":\"https:\/\/ccaphotos.ovh\/?s={search_term_string}\"},\"query-input\":\"required name=search_term_string\"}],\"inLanguage\":\"fr-FR\"},{\"@type\":\"WebPage\",\"@id\":\"https:\/\/ccaphotos.ovh\/index.php\/abandons-saison-1-2\/#webpage\",\"url\":\"https:\/\/ccaphotos.ovh\/index.php\/abandons-saison-1-2\/\",\"name\":\"ABANDONS saison 1\/2 -\",\"isPartOf\":{\"@id\":\"https:\/\/ccaphotos.ovh\/#website\"},\"datePublished\":\"2020-07-01T09:50:54+00:00\",\"dateModified\":\"2022-10-12T09:20:57+00:00\",\"breadcrumb\":{\"@id\":\"https:\/\/ccaphotos.ovh\/index.php\/abandons-saison-1-2\/#breadcrumb\"},\"inLanguage\":\"fr-FR\",\"potentialAction\":[{\"@type\":\"ReadAction\",\"target\":[\"https:\/\/ccaphotos.ovh\/index.php\/abandons-saison-1-2\/\"]}]},{\"@type\":\"BreadcrumbList\",\"@id\":\"https:\/\/ccaphotos.ovh\/index.php\/abandons-saison-1-2\/#breadcrumb\",\"itemListElement\":[{\"@type\":\"ListItem\",\"position\":1,\"name\":\"Accueil\",\"item\":\"https:\/\/ccaphotos.ovh\/\"},{\"@type\":\"ListItem\",\"position\":2,\"name\":\"ABANDONS saison 1\/2\"}]}]}<\/script>\n<!-- \/ Yoast SEO plugin. -->","yoast_head_json":{"title":"ABANDONS saison 1\/2 -","robots":{"index":"index","follow":"follow","max-snippet":"max-snippet:-1","max-image-preview":"max-image-preview:large","max-video-preview":"max-video-preview:-1"},"canonical":"https:\/\/ccaphotos.ovh\/index.php\/abandons-saison-1-2\/","og_locale":"fr_FR","og_type":"article","og_title":"ABANDONS saison 1\/2 -","og_description":"s\u00e9rie ABANDONS &#8211; saison 1\/2 Dans la saison 1\/1, on voyait d\u00e9j\u00e0 appara\u00eetre, sur certaines vitrines d\u00e9saffect\u00e9es, des reproductions de monuments et de cartes postales anciennes ou des slogans incitatifs. Nostalgie d\u2019un pass\u00e9 fantasm\u00e9, ou volontarisme anti-d\u00e9cliniste ? Derri\u00e8re ce maquillage d\u00e9risoire se cachait encore l\u2019espoir d\u2019inverser la tendance. Mais la crise sanitaire et \u00e9conomique [&hellip;]","og_url":"https:\/\/ccaphotos.ovh\/index.php\/abandons-saison-1-2\/","article_modified_time":"2022-10-12T09:20:57+00:00","twitter_card":"summary_large_image","twitter_misc":{"Dur\u00e9e de lecture estim\u00e9e":"2 minutes"},"schema":{"@context":"https:\/\/schema.org","@graph":[{"@type":["Person","Organization"],"@id":"https:\/\/ccaphotos.ovh\/#\/schema\/person\/6a8bab212e1264864a1223d4b6d9fbcd","name":"ClaireChatonAubey","image":{"@type":"ImageObject","@id":"https:\/\/ccaphotos.ovh\/#personlogo","inLanguage":"fr-FR","url":"https:\/\/secure.gravatar.com\/avatar\/d252b93fa90e99cd7255d4d68af882e2?s=96&d=mm&r=g","contentUrl":"https:\/\/secure.gravatar.com\/avatar\/d252b93fa90e99cd7255d4d68af882e2?s=96&d=mm&r=g","caption":"ClaireChatonAubey"},"logo":{"@id":"https:\/\/ccaphotos.ovh\/#personlogo"}},{"@type":"WebSite","@id":"https:\/\/ccaphotos.ovh\/#website","url":"https:\/\/ccaphotos.ovh\/","name":"","description":"","publisher":{"@id":"https:\/\/ccaphotos.ovh\/#\/schema\/person\/6a8bab212e1264864a1223d4b6d9fbcd"},"potentialAction":[{"@type":"SearchAction","target":{"@type":"EntryPoint","urlTemplate":"https:\/\/ccaphotos.ovh\/?s={search_term_string}"},"query-input":"required name=search_term_string"}],"inLanguage":"fr-FR"},{"@type":"WebPage","@id":"https:\/\/ccaphotos.ovh\/index.php\/abandons-saison-1-2\/#webpage","url":"https:\/\/ccaphotos.ovh\/index.php\/abandons-saison-1-2\/","name":"ABANDONS saison 1\/2 -","isPartOf":{"@id":"https:\/\/ccaphotos.ovh\/#website"},"datePublished":"2020-07-01T09:50:54+00:00","dateModified":"2022-10-12T09:20:57+00:00","breadcrumb":{"@id":"https:\/\/ccaphotos.ovh\/index.php\/abandons-saison-1-2\/#breadcrumb"},"inLanguage":"fr-FR","potentialAction":[{"@type":"ReadAction","target":["https:\/\/ccaphotos.ovh\/index.php\/abandons-saison-1-2\/"]}]},{"@type":"BreadcrumbList","@id":"https:\/\/ccaphotos.ovh\/index.php\/abandons-saison-1-2\/#breadcrumb","itemListElement":[{"@type":"ListItem","position":1,"name":"Accueil","item":"https:\/\/ccaphotos.ovh\/"},{"@type":"ListItem","position":2,"name":"ABANDONS saison 1\/2"}]}]}},"_links":{"self":[{"href":"https:\/\/ccaphotos.ovh\/index.php\/wp-json\/wp\/v2\/pages\/2689"}],"collection":[{"href":"https:\/\/ccaphotos.ovh\/index.php\/wp-json\/wp\/v2\/pages"}],"about":[{"href":"https:\/\/ccaphotos.ovh\/index.php\/wp-json\/wp\/v2\/types\/page"}],"author":[{"embeddable":true,"href":"https:\/\/ccaphotos.ovh\/index.php\/wp-json\/wp\/v2\/users\/1"}],"replies":[{"embeddable":true,"href":"https:\/\/ccaphotos.ovh\/index.php\/wp-json\/wp\/v2\/comments?post=2689"}],"version-history":[{"count":26,"href":"https:\/\/ccaphotos.ovh\/index.php\/wp-json\/wp\/v2\/pages\/2689\/revisions"}],"predecessor-version":[{"id":3888,"href":"https:\/\/ccaphotos.ovh\/index.php\/wp-json\/wp\/v2\/pages\/2689\/revisions\/3888"}],"wp:attachment":[{"href":"https:\/\/ccaphotos.ovh\/index.php\/wp-json\/wp\/v2\/media?parent=2689"}],"curies":[{"name":"wp","href":"https:\/\/api.w.org\/{rel}","templated":true}]}}