{"id":2824,"date":"2020-07-27T13:51:42","date_gmt":"2020-07-27T11:51:42","guid":{"rendered":"http:\/\/ccaphotos.ovh\/?page_id=2824"},"modified":"2023-01-07T21:38:00","modified_gmt":"2023-01-07T20:38:00","slug":"la-piscine","status":"publish","type":"page","link":"https:\/\/ccaphotos.ovh\/index.php\/la-piscine\/","title":{"rendered":"LA PISCINE"},"content":{"rendered":"<div class=\"n2-has-copy n2-code n2-ss-slider-shortcode-id\">\n\n<p>&nbsp;<\/p>\n<p style=\"text-align: justify;\">Du plus loin qu\u2019il se souvienne, Legendre n\u2019avait eu qu\u2019une fois dans sa vie l\u2019occasion de conna\u00eetre le luxe d\u2019une piscine \u00e0 d\u00e9bordement. Lors d\u2019un voyage \u00e0 Marrakech avec ses parents, l\u2019agence avait perdu leur r\u00e9servation et en guise de compensation, leur avait attribu\u00e9 dans l\u2019urgence un h\u00f4tel surclass\u00e9. Toute la famille avait abondamment profit\u00e9 de la situation avec le frisson de jouissance interdite de ceux qui ont gagn\u00e9 au loto.<\/p>\n<p>&nbsp;<\/p>\n<p style=\"text-align: justify;\">Sa rencontre avec celle situ\u00e9e au c\u0153ur de la vieille ville de N \u2026 devait tout autant au hasard. Il se rendait quelques jours par mois dans cette ville pour des r\u00e9unions professionnelles et, lass\u00e9 des cha\u00eenes premier prix coinc\u00e9es entre une voie rapide et une zone commerciale, il se d\u00e9cida un jour \u00e0 explorer une adresse dont il avait entendu parler pendant la pause. Install\u00e9e dans une petite cour, la piscine donnait d\u2019un c\u00f4t\u00e9 sur la fa\u00e7ade arri\u00e8re de l\u2019h\u00f4tel, et de l\u2019autre, sur un passage public \u00e0 demi-couvert par des arcades. Ferm\u00e9 la nuit par des grilles, le passage \u00e9tait heureusement peu fr\u00e9quent\u00e9 la journ\u00e9e. Le mois suivant, il y faisait ses premi\u00e8res brasses avec la sensation d\u2019un paradis originel miraculeusement retrouv\u00e9.<\/p>\n<p>&nbsp;<\/p>\n<p style=\"text-align: justify;\">Le soir apr\u00e8s les r\u00e9unions, les coll\u00e8gues se rejoignaient souvent dans une pizz\u00e9ria pour le diner. Les conversations tournaient invariablement autour du travail, puis, au fur et \u00e0 mesure de l\u2019avanc\u00e9e de la soir\u00e9e et du rel\u00e2chement de la tension, le petit jeu des rapports de s\u00e9duction papillonnait de l\u2019un \u00e0 l\u2019autre. Legendre, quant \u00e0 lui, n\u2019avait qu\u2019une h\u00e2te, retrouver son h\u00f4tel et surtout <em>sa<\/em> piscine. Depuis le divorce, il ressentait de plus en plus souvent le besoin de faire le vide. Nager jusqu\u2019\u00e0 perdre la sensation de son corps dans une fatigue salvatrice. Un jour qu\u2019il reprenait son souffle, appuy\u00e9 sur le rebord de la piscine, pour la premi\u00e8re fois il le vit.<\/p>\n<p>&nbsp;<\/p>\n<p style=\"text-align: justify;\">Fig\u00e9e dans le d\u00e9cor d\u2019ombres des piliers du passage couvert, aussi immobile qu\u2019une peinture murale, une silhouette sombre et longiligne se tenait appuy\u00e9e contre le mur. Un l\u00e9ger trouble effleura Legendre, mais il retourna dans l\u2019eau et recommen\u00e7a \u00e0 faire ses longueurs avec un acharnement m\u00e9thodique. La nuit passa sur lui, comme toujours apr\u00e8s l\u2019effort physique, dans un sommeil opaque et sans r\u00eaves.<\/p>\n<p>&nbsp;<\/p>\n<p style=\"text-align: justify;\">La s\u00e9ance du lendemain fut plus dense que d\u2019habitude mais il avait du mal \u00e0 se concentrer. Les sch\u00e9mas organisationnels des macro-organigrammes, sujet RH du jour, lui semblaient vides de sens ou plut\u00f4t, remplis d\u2019un vide travers\u00e9 de temps \u00e0 autre par des ombres fragiles. De retour \u00e0 l\u2019h\u00f4tel, \u00e0 peine descendu \u00e0 la piscine, le drap de bain encore sur l\u2019\u00e9paule, son premier regard fut pour constater avec soulagement que le passage \u00e9tait d\u00e9sert. Il s\u2019en voulut aussit\u00f4t d\u2019accorder une telle attention \u00e0 la vision fugitive de la veille et plongea sans plus tarder dans le bassin.<\/p>\n<p>&nbsp;<\/p>\n<p style=\"text-align: justify;\">Quelques heures plus tard il nageait toujours, comme un automate en fin de course dont les mouvements saccad\u00e9s se faisaient de plus en plus lents. Autour de lui dans l\u2019eau noire et visqueuse, des remugles de gasoil et de fluides corporels flottaient \u00e0 la surface. Il sentait peu \u00e0 peu ses muscles se t\u00e9taniser et d\u00e9ployait des efforts d\u00e9sesp\u00e9r\u00e9s pour atteindre le bord de la piscine, qui s\u2019\u00e9loignait d\u2019autant \u00e0 chaque fois. En sueur, il \u00e9mergea brutalement de son sommeil, se leva et ouvrit la fen\u00eatre de la chambre pour faire entrer l\u2019air frais de la nuit. En contrebas, cern\u00e9e par la p\u00e9nombre, la piscine luisait calmement d\u2019un bleu fluorescent, tache rectangulaire sagement d\u00e9limit\u00e9e par la cour carrel\u00e9e. Rassur\u00e9, il allait se recoucher lorsqu\u2019il per\u00e7ut un mouvement au m\u00eame endroit que la veille. C\u2019\u00e9tait \u00e9vident, comment n\u2019y avait-il pas pens\u00e9 plus t\u00f4t, un homme avait d\u00e9couvert le passage et s\u2019y laissait enfermer pour passer tranquillement la nuit. Il s\u2019aga\u00e7a\u00a0: la direction de l\u2019h\u00f4tel ne pouvait tol\u00e9rer la pr\u00e9sence de SDF \u00e0 cet endroit\u00a0! Il d\u00e9cida de se plaindre \u00e0 la r\u00e9ceptionniste le lendemain matin.<\/p>\n<p>&nbsp;<\/p>\n<p style=\"text-align: justify;\">Mais le lendemain, son portable ne sonna pas. Il n\u2019avait pas d\u00e9sactiv\u00e9 le mode silence. Legendre avait des difficult\u00e9s avec le num\u00e9rique, mais il dissimulait ses lacunes derri\u00e8re une fa\u00e7ade de d\u00e9sint\u00e9r\u00eat qui lui interdisait toute possibilit\u00e9 de progr\u00e8s. Il partit donc sans d\u00e9jeuner, ce qui le rendit d\u00e9sagr\u00e9able toute la journ\u00e9e, d\u2019autant qu\u2019il avait d\u00fb remettre \u00e0 plus tard la mise au point au sujet du SDF. Le soir, la r\u00e9ceptionniste fut de son avis, c\u2019\u00e9tait mauvais pour l\u2019image de l\u2019h\u00f4tel, sans compter les probl\u00e8mes d\u2019hygi\u00e8ne &#8230; Elle le remercia de sa vigilance et promit d\u2019alerter la direction d\u00e8s que possible.<\/p>\n<p>&nbsp;<\/p>\n<p style=\"text-align: justify;\">La nuit suivante cependant, \u00e0 sa grande surprise, Legendre se sentit presque d\u00e9livr\u00e9 de voir l\u2019homme de retour \u00e0 son emplacement habituel. La n\u00e9gligence de la r\u00e9ceptionniste, ou l\u2019inertie de la direction, lui avaient opportun\u00e9ment \u00e9vit\u00e9 la honte d&rsquo;une d\u00e9lation. Un sentiment ambivalent, entre remords et compassion, le tenaillait \u00e0 pr\u00e9sent mais que pouvait-il en faire ? Pour rien au monde il n\u2019aurait donn\u00e9 de l\u2019argent \u00e0 un sans-abri. Quelque-chose \u00e0 manger peut-\u00eatre ? Dans son demi-sommeil il se faisait un film, lui avec ses croissants du petit-d\u00e9jeuner \u00e0 la main, sortant de l\u2019h\u00f4tel, lui, encore, p\u00e9n\u00e9trant dans le passage, interpellant l\u2019homme, <em>H\u00e9<\/em>\u00a0? <em>Vous l\u00e0-bas<\/em>\u00a0? <em>Je vous ai apport\u00e9 des croissants<\/em>\u00a0! Non, ridicule, d\u00e9cid\u00e9ment c\u2019\u00e9tait ridicule. Au matin il s\u2019imposa de ne plus penser \u00e0 cette histoire.<\/p>\n<p>&nbsp;<\/p>\n<p style=\"text-align: justify;\">De retour \u00e0 l\u2019h\u00f4tel apr\u00e8s sa journ\u00e9e de travail, cherchant du regard un transat pour se reposer un peu, il tomba sur un titre du journal local abandonn\u00e9 l\u00e0 par un client de l\u2019h\u00f4tel :<\/p>\n<p style=\"text-align: left; padding-left: 400px;\"><span style=\"font-family: Courier New, Courier;\">Descente de police en centre-ville<\/span><\/p>\n<p style=\"text-align: left; padding-left: 400px;\"><span style=\"font-family: Courier New, Courier;\">Plusieurs dizaines de sans-papiers<\/span><\/p>\n<p style=\"text-align: left; padding-left: 400px;\"><span style=\"font-family: Courier New, Courier;\">\u00c9rythr\u00e9ens et Soudanais<\/span><\/p>\n<p style=\"text-align: left; padding-left: 400px;\"><span style=\"font-family: Courier New, Courier;\">interpell\u00e9s cette nuit<\/span><\/p>\n<p style=\"text-align: justify;\">L\u2019article \u00e9voquait leur placement imm\u00e9diat en centre de r\u00e9tention administrative en vue d\u2019une proc\u00e9dure de renvoi dans leurs pays d\u2019origine. Il poursuivait avec la satisfaction des riverains exc\u00e9d\u00e9s, enfin entendus apr\u00e8s des semaines de nuisances et de plaintes.<\/p>\n<p>&nbsp;<\/p>\n<p style=\"text-align: justify;\">Accoud\u00e9 sur le rebord de la piscine, longtemps il ne put d\u00e9tacher son regard des gouttelettes scintillantes qui tombaient une \u00e0 une dans le bassin inf\u00e9rieur. Il suivait mentalement leur cheminement ininterrompu dans le circuit compliqu\u00e9 des tuyauteries et des filtres, qui les ramenait inexorablement \u00e0 la surface avant de les pr\u00e9cipiter \u00e0 nouveau dans le vide.<\/p>\n<\/div>\n<p>&nbsp;<\/p>\n<p style=\"text-align: right;\"><em>juillet 2020<\/em><\/p>\n","protected":false},"excerpt":{"rendered":"<p>&nbsp; Du plus loin qu\u2019il se souvienne, Legendre n\u2019avait eu qu\u2019une fois dans sa vie l\u2019occasion de conna\u00eetre le luxe d\u2019une piscine \u00e0 d\u00e9bordement. Lors d\u2019un voyage \u00e0 Marrakech avec ses parents, l\u2019agence avait perdu leur r\u00e9servation et en guise de compensation, leur avait attribu\u00e9 dans l\u2019urgence un h\u00f4tel surclass\u00e9. Toute la famille avait abondamment [&hellip;]<\/p>\n","protected":false},"author":1,"featured_media":0,"parent":0,"menu_order":0,"comment_status":"closed","ping_status":"closed","template":"","meta":[],"yoast_head":"<!-- This site is optimized with the Yoast SEO plugin v18.3 - https:\/\/yoast.com\/wordpress\/plugins\/seo\/ -->\n<title>LA PISCINE -<\/title>\n<meta name=\"robots\" content=\"index, follow, max-snippet:-1, max-image-preview:large, max-video-preview:-1\" \/>\n<link rel=\"canonical\" href=\"https:\/\/ccaphotos.ovh\/index.php\/la-piscine\/\" \/>\n<meta property=\"og:locale\" content=\"fr_FR\" \/>\n<meta property=\"og:type\" content=\"article\" \/>\n<meta property=\"og:title\" content=\"LA PISCINE -\" \/>\n<meta property=\"og:description\" content=\"&nbsp; Du plus loin qu\u2019il se souvienne, Legendre n\u2019avait eu qu\u2019une fois dans sa vie l\u2019occasion de conna\u00eetre le luxe d\u2019une piscine \u00e0 d\u00e9bordement. Lors d\u2019un voyage \u00e0 Marrakech avec ses parents, l\u2019agence avait perdu leur r\u00e9servation et en guise de compensation, leur avait attribu\u00e9 dans l\u2019urgence un h\u00f4tel surclass\u00e9. Toute la famille avait abondamment [&hellip;]\" \/>\n<meta property=\"og:url\" content=\"https:\/\/ccaphotos.ovh\/index.php\/la-piscine\/\" \/>\n<meta property=\"article:modified_time\" content=\"2023-01-07T20:38:00+00:00\" \/>\n<meta name=\"twitter:card\" content=\"summary_large_image\" \/>\n<meta name=\"twitter:label1\" content=\"Dur\u00e9e de lecture estim\u00e9e\" \/>\n\t<meta name=\"twitter:data1\" content=\"6 minutes\" \/>\n<script type=\"application\/ld+json\" class=\"yoast-schema-graph\">{\"@context\":\"https:\/\/schema.org\",\"@graph\":[{\"@type\":[\"Person\",\"Organization\"],\"@id\":\"https:\/\/ccaphotos.ovh\/#\/schema\/person\/6a8bab212e1264864a1223d4b6d9fbcd\",\"name\":\"ClaireChatonAubey\",\"image\":{\"@type\":\"ImageObject\",\"@id\":\"https:\/\/ccaphotos.ovh\/#personlogo\",\"inLanguage\":\"fr-FR\",\"url\":\"https:\/\/secure.gravatar.com\/avatar\/d252b93fa90e99cd7255d4d68af882e2?s=96&d=mm&r=g\",\"contentUrl\":\"https:\/\/secure.gravatar.com\/avatar\/d252b93fa90e99cd7255d4d68af882e2?s=96&d=mm&r=g\",\"caption\":\"ClaireChatonAubey\"},\"logo\":{\"@id\":\"https:\/\/ccaphotos.ovh\/#personlogo\"}},{\"@type\":\"WebSite\",\"@id\":\"https:\/\/ccaphotos.ovh\/#website\",\"url\":\"https:\/\/ccaphotos.ovh\/\",\"name\":\"\",\"description\":\"\",\"publisher\":{\"@id\":\"https:\/\/ccaphotos.ovh\/#\/schema\/person\/6a8bab212e1264864a1223d4b6d9fbcd\"},\"potentialAction\":[{\"@type\":\"SearchAction\",\"target\":{\"@type\":\"EntryPoint\",\"urlTemplate\":\"https:\/\/ccaphotos.ovh\/?s={search_term_string}\"},\"query-input\":\"required name=search_term_string\"}],\"inLanguage\":\"fr-FR\"},{\"@type\":\"WebPage\",\"@id\":\"https:\/\/ccaphotos.ovh\/index.php\/la-piscine\/#webpage\",\"url\":\"https:\/\/ccaphotos.ovh\/index.php\/la-piscine\/\",\"name\":\"LA PISCINE -\",\"isPartOf\":{\"@id\":\"https:\/\/ccaphotos.ovh\/#website\"},\"datePublished\":\"2020-07-27T11:51:42+00:00\",\"dateModified\":\"2023-01-07T20:38:00+00:00\",\"breadcrumb\":{\"@id\":\"https:\/\/ccaphotos.ovh\/index.php\/la-piscine\/#breadcrumb\"},\"inLanguage\":\"fr-FR\",\"potentialAction\":[{\"@type\":\"ReadAction\",\"target\":[\"https:\/\/ccaphotos.ovh\/index.php\/la-piscine\/\"]}]},{\"@type\":\"BreadcrumbList\",\"@id\":\"https:\/\/ccaphotos.ovh\/index.php\/la-piscine\/#breadcrumb\",\"itemListElement\":[{\"@type\":\"ListItem\",\"position\":1,\"name\":\"Accueil\",\"item\":\"https:\/\/ccaphotos.ovh\/\"},{\"@type\":\"ListItem\",\"position\":2,\"name\":\"LA PISCINE\"}]}]}<\/script>\n<!-- \/ Yoast SEO plugin. -->","yoast_head_json":{"title":"LA PISCINE -","robots":{"index":"index","follow":"follow","max-snippet":"max-snippet:-1","max-image-preview":"max-image-preview:large","max-video-preview":"max-video-preview:-1"},"canonical":"https:\/\/ccaphotos.ovh\/index.php\/la-piscine\/","og_locale":"fr_FR","og_type":"article","og_title":"LA PISCINE -","og_description":"&nbsp; Du plus loin qu\u2019il se souvienne, Legendre n\u2019avait eu qu\u2019une fois dans sa vie l\u2019occasion de conna\u00eetre le luxe d\u2019une piscine \u00e0 d\u00e9bordement. Lors d\u2019un voyage \u00e0 Marrakech avec ses parents, l\u2019agence avait perdu leur r\u00e9servation et en guise de compensation, leur avait attribu\u00e9 dans l\u2019urgence un h\u00f4tel surclass\u00e9. Toute la famille avait abondamment [&hellip;]","og_url":"https:\/\/ccaphotos.ovh\/index.php\/la-piscine\/","article_modified_time":"2023-01-07T20:38:00+00:00","twitter_card":"summary_large_image","twitter_misc":{"Dur\u00e9e de lecture estim\u00e9e":"6 minutes"},"schema":{"@context":"https:\/\/schema.org","@graph":[{"@type":["Person","Organization"],"@id":"https:\/\/ccaphotos.ovh\/#\/schema\/person\/6a8bab212e1264864a1223d4b6d9fbcd","name":"ClaireChatonAubey","image":{"@type":"ImageObject","@id":"https:\/\/ccaphotos.ovh\/#personlogo","inLanguage":"fr-FR","url":"https:\/\/secure.gravatar.com\/avatar\/d252b93fa90e99cd7255d4d68af882e2?s=96&d=mm&r=g","contentUrl":"https:\/\/secure.gravatar.com\/avatar\/d252b93fa90e99cd7255d4d68af882e2?s=96&d=mm&r=g","caption":"ClaireChatonAubey"},"logo":{"@id":"https:\/\/ccaphotos.ovh\/#personlogo"}},{"@type":"WebSite","@id":"https:\/\/ccaphotos.ovh\/#website","url":"https:\/\/ccaphotos.ovh\/","name":"","description":"","publisher":{"@id":"https:\/\/ccaphotos.ovh\/#\/schema\/person\/6a8bab212e1264864a1223d4b6d9fbcd"},"potentialAction":[{"@type":"SearchAction","target":{"@type":"EntryPoint","urlTemplate":"https:\/\/ccaphotos.ovh\/?s={search_term_string}"},"query-input":"required name=search_term_string"}],"inLanguage":"fr-FR"},{"@type":"WebPage","@id":"https:\/\/ccaphotos.ovh\/index.php\/la-piscine\/#webpage","url":"https:\/\/ccaphotos.ovh\/index.php\/la-piscine\/","name":"LA PISCINE -","isPartOf":{"@id":"https:\/\/ccaphotos.ovh\/#website"},"datePublished":"2020-07-27T11:51:42+00:00","dateModified":"2023-01-07T20:38:00+00:00","breadcrumb":{"@id":"https:\/\/ccaphotos.ovh\/index.php\/la-piscine\/#breadcrumb"},"inLanguage":"fr-FR","potentialAction":[{"@type":"ReadAction","target":["https:\/\/ccaphotos.ovh\/index.php\/la-piscine\/"]}]},{"@type":"BreadcrumbList","@id":"https:\/\/ccaphotos.ovh\/index.php\/la-piscine\/#breadcrumb","itemListElement":[{"@type":"ListItem","position":1,"name":"Accueil","item":"https:\/\/ccaphotos.ovh\/"},{"@type":"ListItem","position":2,"name":"LA PISCINE"}]}]}},"_links":{"self":[{"href":"https:\/\/ccaphotos.ovh\/index.php\/wp-json\/wp\/v2\/pages\/2824"}],"collection":[{"href":"https:\/\/ccaphotos.ovh\/index.php\/wp-json\/wp\/v2\/pages"}],"about":[{"href":"https:\/\/ccaphotos.ovh\/index.php\/wp-json\/wp\/v2\/types\/page"}],"author":[{"embeddable":true,"href":"https:\/\/ccaphotos.ovh\/index.php\/wp-json\/wp\/v2\/users\/1"}],"replies":[{"embeddable":true,"href":"https:\/\/ccaphotos.ovh\/index.php\/wp-json\/wp\/v2\/comments?post=2824"}],"version-history":[{"count":29,"href":"https:\/\/ccaphotos.ovh\/index.php\/wp-json\/wp\/v2\/pages\/2824\/revisions"}],"predecessor-version":[{"id":3940,"href":"https:\/\/ccaphotos.ovh\/index.php\/wp-json\/wp\/v2\/pages\/2824\/revisions\/3940"}],"wp:attachment":[{"href":"https:\/\/ccaphotos.ovh\/index.php\/wp-json\/wp\/v2\/media?parent=2824"}],"curies":[{"name":"wp","href":"https:\/\/api.w.org\/{rel}","templated":true}]}}